*w + 161 = 5*i, 5*i + 4*w = 143 - 0. Let l = -18 + i. Calculate the greatest common divisor of l and n.
13
Suppose 1298 = 2*x - 752. Calculate the highest common divisor of x and 41.
41
Let j = -347 - -407. Calculate the greatest common divisor of j and 9.
3
Suppose 515*a - 520*a - 10888 = -3*l, l + 3*a = 3606. Calculate the greatest common factor of l and 51.
51
Suppose -3*y - 14 = 7. Let t = y + 11. Let x(m) = -m**2 - 17*m + 4. Let p be x(-16). What is the greatest common factor of t and p?
4
Let g(p) = -p**3 + 12*p**2 - 10*p - 76. Let x be g(7). What is the highest common factor of x and 121?
11
Let x be 126/((-18)/(-24)*2). Calculate the greatest common divisor of 96 and x.
12
Suppose -a = -6 - 1. Let t = 30 - -26. What is the highest common factor of t and a?
7
Let a = -71 - -143. Let j = -37 + a. Let s be 1/(1 + 4/(-5)). Calculate the highest common factor of s and j.
5
Let q be (-7 - 249/(-6))/(2/12). Calculate the greatest common factor of q and 63.
9
Let i be (210/40)/(-1 + 129/120). Suppose -4*h + 6*h - i = 0. Calculate the highest common factor of h and 140.
35
Let f be (-12*1)/((-14)/14). What is the highest common factor of 564 and f?
12
Let d(m) = 15*m + 36. Let k be d(-8). Let f be -3*7/k - 214/(-8). What is the highest common factor of 18 and f?
9
Suppose -2060 - 2311 = -5*b + z, -4*z + 4391 = 5*b. Calculate the greatest common factor of 35 and b.
35
Let g be (-4)/5 - (-728)/10. Suppose -22*r = -18*r - g. Suppose -4*x = -x - r. Calculate the highest common divisor of 42 and x.
6
Suppose 0 = -17*g - 8*g + 4350. What is the highest common factor of 986 and g?
58
Let v = 894 + -138. Calculate the greatest common divisor of 14 and v.
14
Let t be (3 + 0)*24/9. Suppose -1 = -q, -4*q + 8*q - 12 = 4*n. Let u be n/((-4)/6) - -1. What is the highest common divisor of u and t?
4
Let k = 21 - 11. Suppose -k*u + 15*u = 400. Suppose u = -4*c + 260. What is the highest common divisor of 9 and c?
9
Let c be ((-22)/4)/(42/12 + -4). Suppose 8*n - c*n = -4*a - 35, 2*a + 24 = 2*n. What is the greatest common factor of n and 208?
13
Let q(j) = 17*j**3 - j**2. Let n be q(1). What is the greatest common divisor of n and 80?
16
Let u be 38 - -1*(2 + -4). Let p be 81/4*(70/(-21) + 6). What is the highest common factor of p and u?
18
Let d be -27 + 25 + 252/2. Calculate the greatest common divisor of d and 4.
4
Suppose -2*b = -4*a + 210, a - 4*b = 64 - 8. What is the highest common divisor of a and 91?
13
Let x = -395 + 396. What is the greatest common divisor of 46 and x?
1
Let h(b) = -b**2 + b + 3. Let a be h(-4). Let w = a - -21. Let k(x) = 13*x - 12. Let g be k(w). What is the greatest common divisor of 5 and g?
5
Suppose -6*k = -2*k - 3*y - 16, 4*y = -4*k + 16. Suppose 41 = 3*n - k. What is the greatest common divisor of 45 and n?
15
Let f(o) = o**3 - 9*o**2 - 15*o + 11. Suppose 0 = -s + 10 + 6. Let t = -5 + s. Let m be f(t). Calculate the greatest common factor of 11 and m.
11
Let h be (264/42 - 2)/(2/14). Calculate the greatest common factor of h and 36.
6
Let p = -34 + 39. Suppose 0*i + 29 = 5*i - 3*s, -3*i = p*s + 3. What is the greatest common divisor of i and 12?
4
Let g(p) = -7*p + 6. Let v be g(-6). Suppose 2*l + v + 42 = 0. Let j be (-4)/30 + (-1176)/l. Calculate the greatest common factor of j and 13.
13
Let h = -3 + -5. Let w = -4 - h. Let g be -2 + 21 + 0/w. What is the highest common factor of 76 and g?
19
Let g = 318 - 271. Calculate the highest common factor of 94 and g.
47
Let o be 0*3/12*-1. Suppose -4*s + y = -o*y - 18, -y - 2 = 0. Calculate the greatest common divisor of s and 6.
2
Suppose -6 = 2*p - 4*l, -3*p - 7*l + 2*l = 53. Let t(v) = -v + 9. Let k be t(p). Calculate the greatest common divisor of 30 and k.
10
Let b = 383 + -250. Calculate the greatest common divisor of b and 63.
7
Suppose -6*p - 33 = -63. Suppose 0 = 3*q + 5*m - 120, 2*m - 120 = -3*q + p*m. What is the greatest common factor of q and 20?
20
Let r = -301 - -180. Let a = r - -176. Suppose -77*m - 93*m + 220 = -150*m. What is the greatest common divisor of m and a?
11
Suppose -7*f + 8*f = 42. Calculate the highest common divisor of 1050 and f.
42
Let b be ((-3)/9)/(15/(-1800)). Calculate the highest common factor of 200 and b.
40
Suppose 14*m - 15*m + 5*b - 3 = 0, -5*m + 4*b = -48. What is the greatest common divisor of 444 and m?
12
Let h = -43 + 72. Let d(g) = g**2 - 11*g + 13. Let u be d(10). Suppose -1057 = -u*q - 274. Calculate the highest common factor of h and q.
29
Suppose -2*x = -5*n - 145, -x + 400 = 4*x - 5*n. Calculate the greatest common factor of x and 5.
5
Let p = 30 + -8. Suppose l - 46 = -4*g, -2*g - 49*l = -54*l - 12. Calculate the highest common divisor of g and p.
11
Let w(b) = -53*b - 172. Let x be w(-34). What is the highest common divisor of 10 and x?
10
Suppose 7*q - 3*q - 84 = 0. Let r(y) = -y**3 + 8*y**2 + 6*y - 6. Let i = 39 + -31. Let k be r(i). Calculate the highest common divisor of k and q.
21
Suppose -11*f + 12060 = 5*s, -4*s - 99 = -f - 9698. Calculate the greatest common divisor of 7 and s.
7
Let b(m) = -m**3 - m + 4. Let y be b(0). Suppose 7*d = -3*r + y*d, 0 = 2*r - 3*d - 5. What is the highest common factor of 2 and r?
1
Let v(b) = b**3 + 9*b**2 + 9*b + 20. Let i be v(-8). Let j(m) = 10*m - 30. Let f be j(i). Let n = -52 - -88. What is the greatest common divisor of n and f?
18
Let h be (6/12)/((-2)/(-20)). Let b(d) = -d**3 - 4*d**2 + 5*d + 5. Let w be b(-5). What is the greatest common divisor of h and w?
5
Suppose u = 5*r + 1073, 4*u = -5*r + r + 4268. What is the greatest common divisor of u and 12?
12
Let s be (-438)/(-14) + 1/((-21)/6). Suppose -2*n - 4*u = -7*n + 80, s = 3*n + u. What is the greatest common factor of 108 and n?
12
Suppose 0 = -n + a + 30, -3*n + 2*n + 2*a + 30 = 0. Let g be ((-80)/25)/((-4)/n). Let m = 38 - g. Calculate the greatest common divisor of 56 and m.
14
Suppose -7*i + 18 = -185. Let f = i + -14. Calculate the greatest common factor of 105 and f.
15
Let n(h) = -5*h + 5. Let l be n(-1). Let m = 82 - l. Calculate the highest common divisor of m and 8.
8
Let b = -1086 + 1334. Calculate the highest common divisor of 1364 and b.
124
Let k be 15/(-4*(-2)/8). Suppose -y - k = 15. Let o be (-350)/y + (-4)/(-3). What is the highest common factor of o and 91?
13
Let r = 1417 + -1284. Calculate the greatest common factor of 4256 and r.
133
Suppose -3*c = -7*c - 12, -1182 = -2*x - 2*c. What is the highest common factor of x and 54?
54
Let n(t) = 782*t**3 - 13*t**2 - 783*t**3 + 32*t + 35 + 3*t**2. Let z be n(-14). What is the greatest common factor of z and 53?
53
Suppose 3*s + 688 = 5*t, -11 - 9 = -5*s. Calculate the highest common factor of 10 and t.
10
Let b(p) = 4*p - 89. Let l be b(34). Calculate the highest common divisor of l and 1.
1
Let z(g) = -10*g - 984. Let m be z(-100). Suppose 4*i = 11 + 629. What is the highest common divisor of m and i?
16
Let f(h) = -7*h - 3. Let q be f(-3). Suppose 7*n - 4*n - 36 = 0. What is the greatest common divisor of n and q?
6
Let a = 653 + -539. What is the greatest common factor of a and 57?
57
Suppose -38*s + 53*s - 540 = 0. What is the highest common divisor of s and 162?
18
Let k be (-6)/(-8)*(-18 + 22). Let p be (-4 + 1)*(-15 + k). Calculate the highest common divisor of p and 24.
12
Let w be (-14)/(-2)*(-66)/(-7). Let z be (-126)/(-20) - 3/10. What is the greatest common divisor of w and z?
6
Suppose -18*g = -17*g - 2. Suppose -g = -w - 5*c + 14, -2*w + 22 = 5*c. What is the highest common factor of w and 18?
6
Let f be 1 + 1247 + 142 + -147. What is the greatest common divisor of f and 22?
11
Suppose -11 = -4*v + 37. Let b be 1/4 - (-57)/v. Suppose -4*g - 35 = -5*f + 51, 2*f + b*g - 41 = 0. What is the highest common factor of f and 198?
18
Let m(z) = 7*z + z**2 + 367 + 0*z - 365. Let g be m(6). What is the highest common divisor of g and 10?
10
Let n be (128 - 2) + 156/52. Calculate the greatest common factor of 301 and n.
43
Let r = -547 - -817. Calculate the highest common factor of 30 and r.
30
Let f be (-948)/(-24)*(-1 + 16 + -1). What is the greatest common factor of 35 and f?
7
Let v(j) = 9*j - 7. Let r(u) = -1. Let g(o) = -3*r(o) + v(o). Let d be g(-3). Let q = -18 - d. What is the greatest common factor of q and 130?
13
Let j(t) = -8*t - 5. Le